 - 39. Let b(y) = -405*y + 665. Let f(q) = 3*b(q) + 50*l(q). List the prime factors of f(-24).
3, 5
Let z(c) = 57*c**2 - 102*c - 1694. List the prime factors of z(-15).
11, 1151
Suppose -q + 38 - 39 = 0. What are the prime factors of (0 - q)*-3 + 204?
3, 67
Suppose 5 - 5 = -13*w. Let g(z) = z**3 - 7*z**2 + 8*z - 8. Let x be g(6). Suppose -5*j - 520 = -x*u + 43, -3*j + 3 = w. What are the prime factors of u?
2, 71
Suppose 0 = -6775*w + 6765*w + 73960. List the prime factors of w.
2, 43
Let a(r) = 2133*r - 1773. List the prime factors of a(1).
2, 3, 5
Let i = 63 + -61. Suppose -163 + 767 = i*m. What are the prime factors of m?
2, 151
List the prime factors of (1 - -76189) + (102 - 111).
7, 10883
Let q(s) = -67*s - 209. Let u(t) = 31*t + 105. Let c(k) = -2*q(k) - 5*u(k). List the prime factors of c(-22).
5, 71
Suppose -147*o + 150*o = 24831. Suppose -23*s + 8559 = -o. What are the prime factors of s?
2, 3, 61
Suppose 0 = 31*w - 576842 - 1073257. List the prime factors of w.
3, 11, 1613
Let j(r) = 8*r**3 - 5*r**2 - 3*r + 13. Let k be j(-3). Let b = 552 + k. What are the prime factors of b?
313
Let k = 17828 + -9396. What are the prime factors of k?
2, 17, 31
Suppose 684 = 32*l - 30*l. Suppose w + 2499 = 5*u, -5*w - l = -u + 177. What are the prime factors of u?
499
Let u be ((-15183)/35 - -7) + (-1)/5. Let n = 416 - u. List the prime factors of n.
3, 281
What are the prime factors of 4333677/356 - (2 - 14/8)?
7, 37, 47
Let v(d) = -858*d + 10. Let f(w) = 2*w + 3. Let m(u) = -2*f(u) + v(u). List the prime factors of m(-1).
2, 433
Let k be (2 - (-40)/12)*6/(-4). Let q(h) = h + 12. Let i be q(k). Suppose -628 = -i*c - 68. List the prime factors of c.
2, 5, 7
Let n(t) = 86*t + 591. List the prime factors of n(52).
61, 83
Suppose 0 = 4*z + b - 17, 3*z = -3*b + 15 + 9. Suppose 0 = -2*k - z*n + 807, 5*n = -4*k + 2*k + 805. List the prime factors of k.
3, 5
Suppose 0 = 7*v - 20*v + 26. Let x be 5/v - (-10)/(-4). Suppose -2 = -f, -2*f + x*f = 4*h - 548. What are the prime factors of h?
2, 17
Let h be (-1)/(5 - (-736)/(-148)). Let l = -39 - h. List the prime factors of l - (-6)/12*538.
3, 89
Let r(p) = -185*p + 7196. What are the prime factors of r(-107)?
3, 2999
Let z be (12/10)/(380/75 + -5). Let w be (z/45)/((-2)/(-3170)). Suppose 0 = -21*i + 19*i - 2*f + 308, -4*i = -5*f - w. What are the prime factors of i?
2, 3, 13
Suppose 5*i - 178 = 52. Let t = -15 - i. List the prime factors of (-10 + 9)/(1/t).
61
Let g(d) = 2207*d + 2097. What are the prime factors of g(6)?
3, 5113
Let p be 87/9 + (-4)/6. Let r(u) = 52*u - 12. Let a be r(-4). List the prime factors of (-1 - 0) + p/((-18)/a).
109
Let g(f) = 35*f + 443. Let t be g(-14). Suppose 5*p + 264 = -631. Let v = t - p. What are the prime factors of v?
2, 3, 11
Let w = -268 - -268. Suppose -3*n - q + 1036 = w, 4*n - 8*q + 5*q = 1364. List the prime factors of n.
2, 43
Let z(x) = x - 10. Let q be z(8). Let p be (-1)/(3/(-4 + q)). Suppose -3*c = -3*d + 2*d - 180, -183 = -3*c + p*d. List the prime factors of c.
59
Let s(k) = -k**2 + 5*k + 7. Let f be s(4). Suppose 4*i + f = -1, g = -2*i + 118. Suppose 2*y = 2*p + 276, 4*p = -y + 39 + g. What are the prime factors of y?
11, 13
Suppose 5*w - 36 = 64. Suppose w*a = 18*a + 544. Let u = a - 144. List the prime factors of u.
2
Let d(l) be the second derivative of 5*l**4 + l**3/6 - l**2/2 + 528*l. Let a(i) = i**2 - i. Let z be a(2). List the prime factors of d(z).
241
Let f(s) = s + 1. Let n(a) = 88*a + 4. Let j(t) = -6*f(t) + 3*n(t). Let h be j(3). Suppose -h = 6*q - 16*q. List the prime factors of q.
2, 3, 13
Let f = 74 + -72. Suppose 4*r = 5*o - 12, 27 = -4*r + f*o + 3. What are the prime factors of ((-1015)/(-28))/((-1)/r)?
2, 5, 29
Suppose -683725 = 65*h - 2703152 - 362303. What are the prime factors of h?
2, 3, 31, 197
Suppose -8*a + 5 = -7*a + 5*v, -5*v + 5 = -a. Suppose a = 28*g - 32567 - 1313. What are the prime factors of g?
2, 5, 11
Suppose -4*c - l = 881, 3*l - 672 = 323*c - 320*c. Let f be ((-78)/9)/((-1)/36). Let g = f + c. List the prime factors of g.
7, 13
Let z(s) = -135*s - 73. Let x be 2 - (-28)/(-4) - (2 + -2). List the prime factors of z(x).
2, 7, 43
Suppose 2*k = -0*k - h + 674, 3*k - 1006 = h. Suppose 16*j - 13*j = k. Let x = j - 31. What are the prime factors of x?
3
Suppose -4*q = 4*h - 2*q - 378, -h = -3*q - 77. Let d = h - 95. List the prime factors of -65*2/3*(d + 0).
2, 5, 13
Let a(s) = 433*s**2 - 74*s + 374. What are the prime factors of a(6)?
2, 7759
Let v(f) = -9232*f + 4475. What are the prime factors of v(-7)?
3, 31, 743
Let b(h) = 5*h**2 + 81*h - 58. List the prime factors of b(-58).
2, 13, 29
Suppose -5*o + 4*j - 12 = -o, -3*o - 4*j + 12 = 0. What are the prime factors of o + 4 + -2 + 1 + 227?
2, 5, 23
Let p = -164 + 662. Let k(m) = -5*m + 1. Let u be k(-4). What are the prime factors of ((-14)/u)/((-4)/p)?
83
Let v(b) = -b**3 + 28*b**2 - 126*b - 54. List the prime factors of v(17).
983
Suppose v - 2*p + 165 = 0, -527 = 4*v + p + 124. Let n = 439 + v. List the prime factors of n.
2, 3, 23
Let i(j) = j**3 - 7*j**2 - 30*j + 11. Let l be i(10). Suppose 1681 = l*m + 31. What are the prime factors of m?
2, 3, 5
Let o(j) = 18*j + 15. Let f(m) = -5 - m - 4 + 9 - 4. Let s be f(-12). What are the prime factors of o(s)?
3, 53
Let a = -4 - -2. Let v be (a + 5)/((-6)/(-8)). Suppose p - 186 = v*w + 31, 2*p - w - 455 = 0. List the prime factors of p.
229
Let c = -54 + 46. Let r be -1*c/(-12)*(-942)/4. Suppose -r = -h - 2*u, 68 = -h - 4*u + 219. List the prime factors of h.
163
What are the prime factors of (-1684)/(14 + 602/(-42))?
2, 3, 421
Suppose 5*u - 9 = -4*s, -12 = -4*u + s - 3*s. Let f(r) = -257 - r**2 - 2*r**3 + u*r + 262 - r**3. What are the prime factors of f(-3)?
2, 31
Let l = -12104 + 16519. What are the prime factors of l?
5, 883
What are the prime factors of (462/132)/(2/(-4)) - -35353?
2, 3, 43, 137
Let w = 3369 + -3357. Suppose 0*l - 5*l - 40 = 0. What are the prime factors of 1*w/l*-68?
2, 3, 17
Let b(l) = 232*l + 7680. List the prime factors of b(24).
2, 3, 23
Let t be (-80)/(-70)*(-7)/(-2). Let m be (0/1)/(5 - t). Suppose k = 2 - m. List the prime factors of k.
2
Suppose -540 = -7*u + 5060. Suppose 163*k + u = 167*k. List the prime factors of k.
2, 5
Let m(k) = -4*k**2 + 12*k + 29. Let p be m(10). Let w = p - -468. What are the prime factors of w?
7, 31
Let s(r) = -782*r + 65. Let c be s(2). What are the prime factors of c/(-9) - (-44)/99?
167
Suppose -5936 = -4*q - 4*z, -3*z + 6577 = 8*q - 5330. What are the prime factors of q?
3, 7, 71
Let l(c) = 171*c**3 + c + 2. Let p be l(-1). Let o = p - -365. Suppose -13*y + o = -10*y. List the prime factors of y.
5, 13
Let c = -28 - -29. Let d be (1 + 2)/c - 8/8. List the prime factors of 507/27 + 5/(45/d).
19
Let x be 4*(4/((-32)/60) + 4). Suppose -3*m - 4*c = 112, 0 = 4*m - 4*c + 3*c + 162. Let u = x - m. List the prime factors of u.
2, 13
Let v = 54 + -41. Let a(k) = -v + k - 2*k**3 + k + 24 - 12. What are the prime factors of a(-4)?
7, 17
List the prime factors of 6/(-9)*3 - (-118 - 18421).
3, 37, 167
Suppose 4*z = -0 - 4. Let w be z/(7/(-3) - -2). Suppose -3*h - 25 = 2*h, 4*h = -w*s + 118. What are the prime factors of s?
2, 23
Let b = -15 + 16. Let v be 1/b + 6 + 0. Suppose 5*d = 0, 5*q - v*d + 12*d = 1050. What are the prime factors of q?
2, 3, 5, 7
Let d = -31 + 41. Suppose -3*z + 1528 = -2*i, d*z + 2534 = 15*z + 3*i. What are the prime factors of z?
2, 127
Suppose -15*d + 17*d = -4*c + 28600, -5*c - 5*d + 35760 = 0. List the prime factors of c.
2, 1787
Let g be (410/(-6))/(3 - (-57)/(-18)). List the prime factors of 15/((-9)/3) + g.
3, 5
Suppose 6*b + 1887680 = 87*b + 766964. List the prime factors of b.
2, 3, 1153
Suppose -32506 + 145885 = 2*x + 19*x. What are the prime factors of x?
5399
Let r(b) = -b**3 - 8*b**2 - 2*b - 9. Let m be r(-7). Let q = -39 - m. Suppose 4*t = q + 167. List the prime factors of t.
43
Suppose v = -5*d + 81, d + v - 6 = 11. What are the prime factors of ((-72)/d)/(1/(-178))?
3, 89
Let p = -170 + 174. Suppose 924 = p*f - 796. List the prime factors of f.
2, 5, 43
Suppose -4*j + 14 = 4*z - 10, -3*z + 8 = -2*j. Suppose -s - j*s + 21 = 0. Suppose -76 + 972 = s*u. List the prime factors of u.
2
Let g be 38/10 - 23/(-115). Suppose 0 = -3*k + 2*l + 3*l + 